{"id":147,"date":"2023-09-08T19:11:45","date_gmt":"2023-09-09T00:11:45","guid":{"rendered":"https:\/\/blog.juanocampoflorez.com\/?page_id=147"},"modified":"2024-08-21T08:21:22","modified_gmt":"2024-08-21T13:21:22","slug":"tecnologias-inteligencia-artificial-empresas-transformacion","status":"publish","type":"page","link":"https:\/\/blog.juanocampoflorez.com\/?page_id=147","title":{"rendered":"Tecnolog\u00edas"},"content":{"rendered":"\n<h2 class=\"wp-block-heading\"><strong>Tecnolog\u00edas e Inteligencia Artificial aplicadas a las empresas<\/strong><\/h2>\n\n\n\n<p>Las tecnolog\u00edas y la inteligencia artificial transforman las empresas y aspectos fundamentales de la vida humana. Los primeros art\u00edculos cient\u00edficos que propon\u00edan el desarrollo de la inteligencia artificial (McCulloch &amp; Pitts, 1943; Turing, 1950). La primera discusi\u00f3n sobre los objetivos y posibilidades de la IA se dio en la Conferencia de Dartmouth (1956), quedaron atr\u00e1s. Lo mismo sucede con las primeras inteligencias artificiales dise\u00f1adas para jugar al ajedrez (IBM, 1952), resolver rompecabezas (Samuel, 1954) o traducir entre ingl\u00e9s y franc\u00e9s (Miller &amp; Bruner, 1954).<\/p>\n\n\n\n<p>La Cuarta Revoluci\u00f3n Industrial (RI4) introdujo la integraci\u00f3n de los espacios ciber-bio-f\u00edsicos. Como resultado, se logra la interoperabilidad entre el mundo f\u00edsico y digital, con fuertes implicaciones para los sistemas biol\u00f3gicos. Adem\u00e1s, las tecnolog\u00edas han transformado muchos aspectos del \u00abc\u00f3mo\u00bb y tambi\u00e9n de los \u00abqu\u00e9\u00bb. En este contexto, se destacan la realidad aumentada, la rob\u00f3tica, el Internet de las Cosas, la criptograf\u00eda, la fabricaci\u00f3n aditiva, el big data, el Blockchain, la ciberseguridad y la impresi\u00f3n 3D.<\/p>\n\n\n\n<p>La Quinta Revoluci\u00f3n Industrial (RI5) es una evoluci\u00f3n de la RI4 con tres enfoques clave. Primero, destaca la colaboraci\u00f3n entre humanos y m\u00e1quinas para que los humanos no pierdan su lugar en la sociedad. Segundo, se centra en la creaci\u00f3n de bienes y servicios personalizados, capaces de satisfacer micronichos cada vez m\u00e1s diferenciados. Tercero, busca el desarrollo de la sostenibilidad, que incluye la preocupaci\u00f3n por la especie humana, adem\u00e1s de factores externos.<\/p>\n\n\n\n<p>Los impactos en la administraci\u00f3n son notables. Se presenta desde la mejora de la eficiencia y productividad gracias a la tecnolog\u00eda hasta la capacidad de respuesta a necesidades espec\u00edficas. Las m\u00e1quinas contribuyen a reducir costos y mejorar la calidad. Adem\u00e1s, se abren nuevas oportunidades de negocio y se mejora la toma de decisiones a trav\u00e9s de un an\u00e1lisis m\u00e1s profundo.<\/p>\n\n\n\n<p>Pero, \u00bfqu\u00e9 sucede con la gerencia? Las tecnolog\u00edas y la IA est\u00e1n transformando r\u00e1pidamente la realidad de las empresas. Las soluciones generales ceden paso a un mundo caracterizado por la volatilidad, la incertidumbre, la complejidad y la ambig\u00fcedad (VUCA) o la fragilidad, la incertidumbre, la novedad y la ambig\u00fcedad (BANI). Esto implica la capacidad de adaptarse constantemente a nuevas circunstancias. Se est\u00e1 redefiniendo el proceso de administraci\u00f3n cl\u00e1sico y neocl\u00e1sico, eliminando varios pasos.<\/p>\n\n\n\n<p>En este contexto, exploraremos las investigaciones m\u00e1s recientes y c\u00f3mo la administraci\u00f3n y la gerencia est\u00e1n en proceso de redefinici\u00f3n en un momento de cambios sin precedentes.<\/p>\n\n\n\n<ul class=\"wp-block-list\">\n<li><a href=\"https:\/\/blog.juanocampoflorez.com\/?p=278\">Transformando la Gobernanza de Decisiones: Un Enfoque Sistem\u00e1tico<\/a><\/li>\n\n\n\n<li><a href=\"https:\/\/blog.juanocampoflorez.com\/?p=264\">Colaboraci\u00f3n entre humanos y m\u00e1quinas en la toma de decisiones empresarial (Basado en Mahmun &amp; Cotter, 2019)<\/a><\/li>\n\n\n\n<li><a href=\"https:\/\/blog.juanocampoflorez.com\/?p=407\">\u00bfC\u00f3mo manejar la ansiedad en los trabajadores al incorporar tecnolog\u00edas automatizadas?<\/a><\/li>\n\n\n\n<li><a href=\"https:\/\/blog.juanocampoflorez.com\/?p=412\">Transici\u00f3n a la Industria 4.0: El Soporte de la Tecnolog\u00eda Digital Twin.<\/a><\/li>\n\n\n\n<li><a href=\"https:\/\/blog.juanocampoflorez.com\/?p=420\">Optimizaci\u00f3n de la Experiencia del Cliente (CX) mediante Chatbots de AI: Un Enfoque Integral para el \u00c9xito en Entornos B2B<\/a><\/li>\n<\/ul>\n\n\n\n<p>Para conocer m\u00e1s temas sobre la Gerencia en la Sociedad 5.0, da <code><a href=\"https:\/\/blog.juanocampoflorez.com\/?page_id=20\">clic aqu\u00ed<\/a><\/code>.<\/p>\n\n\n\n<p class=\"has-text-align-right\"><a href=\"https:\/\/juanocampoflorez.com\/\">Juan Ocampo-Fl\u00f3rez<\/a><\/p>\n\n\n\n<figure class=\"wp-block-image aligncenter size-full is-resized\"><img data-recalc-dims=\"1\" fetchpriority=\"high\" decoding=\"async\" width=\"1024\" height=\"1024\" src=\"https:\/\/i0.wp.com\/blog.juanocampoflorez.com\/wp-content\/uploads\/2023\/09\/Gerencia5.01.jpg?resize=1024%2C1024&#038;ssl=1\" alt=\"\" class=\"wp-image-153\" style=\"width:267px;height:267px\" srcset=\"https:\/\/i0.wp.com\/blog.juanocampoflorez.com\/wp-content\/uploads\/2023\/09\/Gerencia5.01.jpg?w=1024&amp;ssl=1 1024w, https:\/\/i0.wp.com\/blog.juanocampoflorez.com\/wp-content\/uploads\/2023\/09\/Gerencia5.01.jpg?resize=300%2C300&amp;ssl=1 300w, https:\/\/i0.wp.com\/blog.juanocampoflorez.com\/wp-content\/uploads\/2023\/09\/Gerencia5.01.jpg?resize=150%2C150&amp;ssl=1 150w, https:\/\/i0.wp.com\/blog.juanocampoflorez.com\/wp-content\/uploads\/2023\/09\/Gerencia5.01.jpg?resize=768%2C768&amp;ssl=1 768w\" sizes=\"(max-width: 1000px) 100vw, 1000px\" \/><figcaption class=\"wp-element-caption\">Tecnolog\u00edas e Inteligencia Artificial en Empresas<\/figcaption><\/figure>\n","protected":false},"excerpt":{"rendered":"<p>Tecnolog\u00edas e Inteligencia Artificial aplicadas a las empresas Las tecnolog\u00edas y la inteligencia artificial transforman las empresas y aspectos fundamentales de la vida humana. Los primeros art\u00edculos cient\u00edficos que propon\u00edan el desarrollo de la inteligencia artificial (McCulloch &amp; Pitts, 1943; Turing, 1950). La primera discusi\u00f3n sobre los objetivos y posibilidades de la IA se dio [&hellip;]<\/p>\n","protected":false},"author":1,"featured_media":0,"parent":0,"menu_order":0,"comment_status":"closed","ping_status":"closed","template":"","meta":{"footnotes":""},"class_list":["post-147","page","type-page","status-publish","hentry",""],"yoast_head":"<!-- This site is optimized with the Yoast SEO plugin v27.6 - https:\/\/yoast.com\/product\/yoast-seo-wordpress\/ -->\n<title>Tecnolog\u00edas e Inteligencia Artificial en Empresas y la Administraci\u00f3n<\/title>\n<meta name=\"description\" content=\"Descubre c\u00f3mo las tecnolog\u00edas y la inteligencia artificial est\u00e1n revolucionando la administraci\u00f3n y la gerencia de empresas.\" \/>\n<meta name=\"robots\" content=\"index, follow, max-snippet:-1, max-image-preview:large, max-video-preview:-1\" \/>\n<link rel=\"canonical\" href=\"https:\/\/blog.juanocampoflorez.com\/?page_id=147\" \/>\n<meta property=\"og:locale\" content=\"es_ES\" \/>\n<meta property=\"og:type\" content=\"article\" \/>\n<meta property=\"og:title\" content=\"Tecnolog\u00edas e Inteligencia Artificial en Empresas y la Administraci\u00f3n\" \/>\n<meta property=\"og:description\" content=\"Descubre c\u00f3mo las tecnolog\u00edas y la inteligencia artificial est\u00e1n revolucionando la administraci\u00f3n y la gerencia de empresas.\" \/>\n<meta property=\"og:url\" content=\"https:\/\/blog.juanocampoflorez.com\/?page_id=147\" \/>\n<meta property=\"og:site_name\" content=\"GerenciArte\" \/>\n<meta property=\"article:publisher\" content=\"https:\/\/www.facebook.com\/profile.php?id=100012989678061\" \/>\n<meta property=\"article:modified_time\" content=\"2024-08-21T13:21:22+00:00\" \/>\n<meta property=\"og:image\" content=\"https:\/\/blog.juanocampoflorez.com\/wp-content\/uploads\/2023\/09\/Gerencia5.01.jpg\" \/>\n<meta name=\"twitter:card\" content=\"summary_large_image\" \/>\n<meta name=\"twitter:label1\" content=\"Tiempo de lectura\" \/>\n\t<meta name=\"twitter:data1\" content=\"3 minutos\" \/>\n<script type=\"application\/ld+json\" class=\"yoast-schema-graph\">{\"@context\":\"https:\\\/\\\/schema.org\",\"@graph\":[{\"@type\":\"WebPage\",\"@id\":\"https:\\\/\\\/blog.juanocampoflorez.com\\\/?page_id=147\",\"url\":\"https:\\\/\\\/blog.juanocampoflorez.com\\\/?page_id=147\",\"name\":\"Tecnolog\u00edas e Inteligencia Artificial en Empresas y la Administraci\u00f3n\",\"isPartOf\":{\"@id\":\"https:\\\/\\\/blog.juanocampoflorez.com\\\/#website\"},\"primaryImageOfPage\":{\"@id\":\"https:\\\/\\\/blog.juanocampoflorez.com\\\/?page_id=147#primaryimage\"},\"image\":{\"@id\":\"https:\\\/\\\/blog.juanocampoflorez.com\\\/?page_id=147#primaryimage\"},\"thumbnailUrl\":\"https:\\\/\\\/blog.juanocampoflorez.com\\\/wp-content\\\/uploads\\\/2023\\\/09\\\/Gerencia5.01.jpg\",\"datePublished\":\"2023-09-09T00:11:45+00:00\",\"dateModified\":\"2024-08-21T13:21:22+00:00\",\"description\":\"Descubre c\u00f3mo las tecnolog\u00edas y la inteligencia artificial est\u00e1n revolucionando la administraci\u00f3n y la gerencia de empresas.\",\"breadcrumb\":{\"@id\":\"https:\\\/\\\/blog.juanocampoflorez.com\\\/?page_id=147#breadcrumb\"},\"inLanguage\":\"es\",\"potentialAction\":[{\"@type\":\"ReadAction\",\"target\":[\"https:\\\/\\\/blog.juanocampoflorez.com\\\/?page_id=147\"]}]},{\"@type\":\"ImageObject\",\"inLanguage\":\"es\",\"@id\":\"https:\\\/\\\/blog.juanocampoflorez.com\\\/?page_id=147#primaryimage\",\"url\":\"https:\\\/\\\/i0.wp.com\\\/blog.juanocampoflorez.com\\\/wp-content\\\/uploads\\\/2023\\\/09\\\/Gerencia5.01.jpg?fit=1024%2C1024&ssl=1\",\"contentUrl\":\"https:\\\/\\\/i0.wp.com\\\/blog.juanocampoflorez.com\\\/wp-content\\\/uploads\\\/2023\\\/09\\\/Gerencia5.01.jpg?fit=1024%2C1024&ssl=1\",\"width\":1024,\"height\":1024,\"caption\":\"Tecnolog\u00edas e Inteligencia Artificial en Empresas\"},{\"@type\":\"BreadcrumbList\",\"@id\":\"https:\\\/\\\/blog.juanocampoflorez.com\\\/?page_id=147#breadcrumb\",\"itemListElement\":[{\"@type\":\"ListItem\",\"position\":1,\"name\":\"Portada\",\"item\":\"https:\\\/\\\/blog.juanocampoflorez.com\\\/\"},{\"@type\":\"ListItem\",\"position\":2,\"name\":\"Tecnolog\u00edas\"}]},{\"@type\":\"WebSite\",\"@id\":\"https:\\\/\\\/blog.juanocampoflorez.com\\\/#website\",\"url\":\"https:\\\/\\\/blog.juanocampoflorez.com\\\/\",\"name\":\"GerenciArte\",\"description\":\"An\u00e1lisis de Art\u00edculos sobre Administraci\u00f3n y Gerencia\",\"publisher\":{\"@id\":\"https:\\\/\\\/blog.juanocampoflorez.com\\\/#organization\"},\"potentialAction\":[{\"@type\":\"SearchAction\",\"target\":{\"@type\":\"EntryPoint\",\"urlTemplate\":\"https:\\\/\\\/blog.juanocampoflorez.com\\\/?s={search_term_string}\"},\"query-input\":{\"@type\":\"PropertyValueSpecification\",\"valueRequired\":true,\"valueName\":\"search_term_string\"}}],\"inLanguage\":\"es\"},{\"@type\":\"Organization\",\"@id\":\"https:\\\/\\\/blog.juanocampoflorez.com\\\/#organization\",\"name\":\"GerenciArte\",\"url\":\"https:\\\/\\\/blog.juanocampoflorez.com\\\/\",\"logo\":{\"@type\":\"ImageObject\",\"inLanguage\":\"es\",\"@id\":\"https:\\\/\\\/blog.juanocampoflorez.com\\\/#\\\/schema\\\/logo\\\/image\\\/\",\"url\":\"https:\\\/\\\/blog.juanocampoflorez.com\\\/wp-content\\\/uploads\\\/2023\\\/09\\\/logo.png\",\"contentUrl\":\"https:\\\/\\\/blog.juanocampoflorez.com\\\/wp-content\\\/uploads\\\/2023\\\/09\\\/logo.png\",\"width\":263,\"height\":234,\"caption\":\"GerenciArte\"},\"image\":{\"@id\":\"https:\\\/\\\/blog.juanocampoflorez.com\\\/#\\\/schema\\\/logo\\\/image\\\/\"},\"sameAs\":[\"https:\\\/\\\/www.facebook.com\\\/profile.php?id=100012989678061\"]}]}<\/script>\n<!-- \/ Yoast SEO plugin. -->","yoast_head_json":{"title":"Tecnolog\u00edas e Inteligencia Artificial en Empresas y la Administraci\u00f3n","description":"Descubre c\u00f3mo las tecnolog\u00edas y la inteligencia artificial est\u00e1n revolucionando la administraci\u00f3n y la gerencia de empresas.","robots":{"index":"index","follow":"follow","max-snippet":"max-snippet:-1","max-image-preview":"max-image-preview:large","max-video-preview":"max-video-preview:-1"},"canonical":"https:\/\/blog.juanocampoflorez.com\/?page_id=147","og_locale":"es_ES","og_type":"article","og_title":"Tecnolog\u00edas e Inteligencia Artificial en Empresas y la Administraci\u00f3n","og_description":"Descubre c\u00f3mo las tecnolog\u00edas y la inteligencia artificial est\u00e1n revolucionando la administraci\u00f3n y la gerencia de empresas.","og_url":"https:\/\/blog.juanocampoflorez.com\/?page_id=147","og_site_name":"GerenciArte","article_publisher":"https:\/\/www.facebook.com\/profile.php?id=100012989678061","article_modified_time":"2024-08-21T13:21:22+00:00","og_image":[{"url":"https:\/\/blog.juanocampoflorez.com\/wp-content\/uploads\/2023\/09\/Gerencia5.01.jpg","type":"","width":"","height":""}],"twitter_card":"summary_large_image","twitter_misc":{"Tiempo de lectura":"3 minutos"},"schema":{"@context":"https:\/\/schema.org","@graph":[{"@type":"WebPage","@id":"https:\/\/blog.juanocampoflorez.com\/?page_id=147","url":"https:\/\/blog.juanocampoflorez.com\/?page_id=147","name":"Tecnolog\u00edas e Inteligencia Artificial en Empresas y la Administraci\u00f3n","isPartOf":{"@id":"https:\/\/blog.juanocampoflorez.com\/#website"},"primaryImageOfPage":{"@id":"https:\/\/blog.juanocampoflorez.com\/?page_id=147#primaryimage"},"image":{"@id":"https:\/\/blog.juanocampoflorez.com\/?page_id=147#primaryimage"},"thumbnailUrl":"https:\/\/blog.juanocampoflorez.com\/wp-content\/uploads\/2023\/09\/Gerencia5.01.jpg","datePublished":"2023-09-09T00:11:45+00:00","dateModified":"2024-08-21T13:21:22+00:00","description":"Descubre c\u00f3mo las tecnolog\u00edas y la inteligencia artificial est\u00e1n revolucionando la administraci\u00f3n y la gerencia de empresas.","breadcrumb":{"@id":"https:\/\/blog.juanocampoflorez.com\/?page_id=147#breadcrumb"},"inLanguage":"es","potentialAction":[{"@type":"ReadAction","target":["https:\/\/blog.juanocampoflorez.com\/?page_id=147"]}]},{"@type":"ImageObject","inLanguage":"es","@id":"https:\/\/blog.juanocampoflorez.com\/?page_id=147#primaryimage","url":"https:\/\/i0.wp.com\/blog.juanocampoflorez.com\/wp-content\/uploads\/2023\/09\/Gerencia5.01.jpg?fit=1024%2C1024&ssl=1","contentUrl":"https:\/\/i0.wp.com\/blog.juanocampoflorez.com\/wp-content\/uploads\/2023\/09\/Gerencia5.01.jpg?fit=1024%2C1024&ssl=1","width":1024,"height":1024,"caption":"Tecnolog\u00edas e Inteligencia Artificial en Empresas"},{"@type":"BreadcrumbList","@id":"https:\/\/blog.juanocampoflorez.com\/?page_id=147#breadcrumb","itemListElement":[{"@type":"ListItem","position":1,"name":"Portada","item":"https:\/\/blog.juanocampoflorez.com\/"},{"@type":"ListItem","position":2,"name":"Tecnolog\u00edas"}]},{"@type":"WebSite","@id":"https:\/\/blog.juanocampoflorez.com\/#website","url":"https:\/\/blog.juanocampoflorez.com\/","name":"GerenciArte","description":"An\u00e1lisis de Art\u00edculos sobre Administraci\u00f3n y Gerencia","publisher":{"@id":"https:\/\/blog.juanocampoflorez.com\/#organization"},"potentialAction":[{"@type":"SearchAction","target":{"@type":"EntryPoint","urlTemplate":"https:\/\/blog.juanocampoflorez.com\/?s={search_term_string}"},"query-input":{"@type":"PropertyValueSpecification","valueRequired":true,"valueName":"search_term_string"}}],"inLanguage":"es"},{"@type":"Organization","@id":"https:\/\/blog.juanocampoflorez.com\/#organization","name":"GerenciArte","url":"https:\/\/blog.juanocampoflorez.com\/","logo":{"@type":"ImageObject","inLanguage":"es","@id":"https:\/\/blog.juanocampoflorez.com\/#\/schema\/logo\/image\/","url":"https:\/\/blog.juanocampoflorez.com\/wp-content\/uploads\/2023\/09\/logo.png","contentUrl":"https:\/\/blog.juanocampoflorez.com\/wp-content\/uploads\/2023\/09\/logo.png","width":263,"height":234,"caption":"GerenciArte"},"image":{"@id":"https:\/\/blog.juanocampoflorez.com\/#\/schema\/logo\/image\/"},"sameAs":["https:\/\/www.facebook.com\/profile.php?id=100012989678061"]}]}},"jetpack-related-posts":[{"id":20,"url":"https:\/\/blog.juanocampoflorez.com\/?page_id=20","url_meta":{"origin":147,"position":0},"title":"GerenciArte","author":"Juan Ocampo","date":"","format":false,"excerpt":"\u00a1Potencia tus habilidades de gesti\u00f3n con nuestro blog de Gerenciarte! Descubre consejos pr\u00e1cticos respaldados por investigaciones y adquiere las estrategias necesarias para liderar con \u00e9xito en la din\u00e1mica Sociedad 5.0. Sum\u00e9rgete en el mundo de la administraci\u00f3n y aprende c\u00f3mo fundamentar tu pr\u00e1ctica gerencial en la literatura cient\u00edfica de vanguardia.\u2026","rel":"","context":"Entrada similar","block_context":{"text":"Entrada similar","link":""},"img":{"alt_text":"","src":"https:\/\/i0.wp.com\/blog.juanocampoflorez.com\/wp-content\/uploads\/2023\/09\/Inicio-e1694175513477.jpeg?resize=350%2C200&ssl=1","width":350,"height":200,"srcset":"https:\/\/i0.wp.com\/blog.juanocampoflorez.com\/wp-content\/uploads\/2023\/09\/Inicio-e1694175513477.jpeg?resize=350%2C200&ssl=1 1x, https:\/\/i0.wp.com\/blog.juanocampoflorez.com\/wp-content\/uploads\/2023\/09\/Inicio-e1694175513477.jpeg?resize=525%2C300&ssl=1 1.5x, https:\/\/i0.wp.com\/blog.juanocampoflorez.com\/wp-content\/uploads\/2023\/09\/Inicio-e1694175513477.jpeg?resize=700%2C400&ssl=1 2x"},"classes":[]},{"id":187,"url":"https:\/\/blog.juanocampoflorez.com\/?page_id=187","url_meta":{"origin":147,"position":1},"title":"Innovaci\u00f3n","author":"Juan Ocampo","date":"","format":false,"excerpt":"La innovaci\u00f3n en la Sociedad 5.0 La concepci\u00f3n de la innovaci\u00f3n en la Sociedad 5.0 se distingue notablemente de las perspectivas previas, como las presentadas por Schumpeter (1911, originalmente en alem\u00e1n y traducidas al ingl\u00e9s en 1934), Burns & Stalker (1961) o Christensen (1998). Schumpeter, en su enfoque pionero, deline\u00f3\u2026","rel":"","context":"Entrada similar","block_context":{"text":"Entrada similar","link":""},"img":{"alt_text":"","src":"https:\/\/i0.wp.com\/blog.juanocampoflorez.com\/wp-content\/uploads\/2023\/09\/Innov1.jpg?resize=350%2C200&ssl=1","width":350,"height":200,"srcset":"https:\/\/i0.wp.com\/blog.juanocampoflorez.com\/wp-content\/uploads\/2023\/09\/Innov1.jpg?resize=350%2C200&ssl=1 1x, https:\/\/i0.wp.com\/blog.juanocampoflorez.com\/wp-content\/uploads\/2023\/09\/Innov1.jpg?resize=525%2C300&ssl=1 1.5x, https:\/\/i0.wp.com\/blog.juanocampoflorez.com\/wp-content\/uploads\/2023\/09\/Innov1.jpg?resize=700%2C400&ssl=1 2x"},"classes":[]},{"id":157,"url":"https:\/\/blog.juanocampoflorez.com\/?page_id=157","url_meta":{"origin":147,"position":2},"title":"Sostenibilidad","author":"Juan Ocampo","date":"","format":false,"excerpt":"Sostenibilidad 5.0 La Sostenibilidad 5.0 es un tema emergente en la administraci\u00f3n y la estrategia empresarial. Este concepto, en sus inicios, marc\u00f3 la preocupaci\u00f3n por el medio ambiente y el desarrollo. En 1983, la ONU estableci\u00f3 la Comisi\u00f3n Mundial sobre el Medio Ambiente y el Desarrollo, cuyo an\u00e1lisis culmin\u00f3 en\u2026","rel":"","context":"Entrada similar","block_context":{"text":"Entrada similar","link":""},"img":{"alt_text":"","src":"https:\/\/i0.wp.com\/blog.juanocampoflorez.com\/wp-content\/uploads\/2023\/09\/Sost1.jpg?resize=350%2C200&ssl=1","width":350,"height":200,"srcset":"https:\/\/i0.wp.com\/blog.juanocampoflorez.com\/wp-content\/uploads\/2023\/09\/Sost1.jpg?resize=350%2C200&ssl=1 1x, https:\/\/i0.wp.com\/blog.juanocampoflorez.com\/wp-content\/uploads\/2023\/09\/Sost1.jpg?resize=525%2C300&ssl=1 1.5x, https:\/\/i0.wp.com\/blog.juanocampoflorez.com\/wp-content\/uploads\/2023\/09\/Sost1.jpg?resize=700%2C400&ssl=1 2x"},"classes":[]},{"id":112,"url":"https:\/\/blog.juanocampoflorez.com\/?page_id=112","url_meta":{"origin":147,"position":3},"title":"Organizaci\u00f3n","author":"Juan Ocampo","date":"","format":false,"excerpt":"La organizaci\u00f3n y su estructura en la Sociedad 5.0 Organizaci\u00f3n en la Sociedad 5.0 se ha transformado de manera radical y cuestiona las pr\u00e1cticas organizacionales que se han dise\u00f1ado previamente. La organizaci\u00f3n empresarial constituye uno de los fundamentos clave de la gesti\u00f3n empresarial. En sus primeros a\u00f1os, se conceb\u00eda como\u2026","rel":"","context":"Entrada similar","block_context":{"text":"Entrada similar","link":""},"img":{"alt_text":"","src":"https:\/\/i0.wp.com\/blog.juanocampoflorez.com\/wp-content\/uploads\/2023\/09\/Red_Interorg1.jpeg?resize=350%2C200&ssl=1","width":350,"height":200,"srcset":"https:\/\/i0.wp.com\/blog.juanocampoflorez.com\/wp-content\/uploads\/2023\/09\/Red_Interorg1.jpeg?resize=350%2C200&ssl=1 1x, https:\/\/i0.wp.com\/blog.juanocampoflorez.com\/wp-content\/uploads\/2023\/09\/Red_Interorg1.jpeg?resize=525%2C300&ssl=1 1.5x, https:\/\/i0.wp.com\/blog.juanocampoflorez.com\/wp-content\/uploads\/2023\/09\/Red_Interorg1.jpeg?resize=700%2C400&ssl=1 2x"},"classes":[]}],"jetpack_sharing_enabled":true,"_links":{"self":[{"href":"https:\/\/blog.juanocampoflorez.com\/index.php?rest_route=\/wp\/v2\/pages\/147","targetHints":{"allow":["GET"]}}],"collection":[{"href":"https:\/\/blog.juanocampoflorez.com\/index.php?rest_route=\/wp\/v2\/pages"}],"about":[{"href":"https:\/\/blog.juanocampoflorez.com\/index.php?rest_route=\/wp\/v2\/types\/page"}],"author":[{"embeddable":true,"href":"https:\/\/blog.juanocampoflorez.com\/index.php?rest_route=\/wp\/v2\/users\/1"}],"replies":[{"embeddable":true,"href":"https:\/\/blog.juanocampoflorez.com\/index.php?rest_route=%2Fwp%2Fv2%2Fcomments&post=147"}],"version-history":[{"count":0,"href":"https:\/\/blog.juanocampoflorez.com\/index.php?rest_route=\/wp\/v2\/pages\/147\/revisions"}],"wp:attachment":[{"href":"https:\/\/blog.juanocampoflorez.com\/index.php?rest_route=%2Fwp%2Fv2%2Fmedia&parent=147"}],"curies":[{"name":"wp","href":"https:\/\/api.w.org\/{rel}","templated":true}]}}