{"id":20,"date":"2023-09-07T16:02:00","date_gmt":"2023-09-07T21:02:00","guid":{"rendered":"https:\/\/blog.juanocampoflorez.com\/?page_id=20"},"modified":"2023-09-29T16:16:34","modified_gmt":"2023-09-29T21:16:34","slug":"gerenciarte-liderazgo-gestion-sociedad-5-0","status":"publish","type":"page","link":"https:\/\/blog.juanocampoflorez.com\/?page_id=20","title":{"rendered":"GerenciArte"},"content":{"rendered":"\n<p><strong>\u00a1Potencia tus habilidades de gesti\u00f3n con nuestro blog de Gerenciarte!<\/strong> <\/p>\n\n\n\n<p>Descubre consejos pr\u00e1cticos respaldados por investigaciones y adquiere las estrategias necesarias para liderar con \u00e9xito en la din\u00e1mica Sociedad 5.0. Sum\u00e9rgete en el mundo de la administraci\u00f3n y aprende c\u00f3mo fundamentar tu pr\u00e1ctica gerencial en la literatura cient\u00edfica de vanguardia.<\/p>\n\n\n\n<p><strong>En nuestro blog, encontrar\u00e1s comentarios y s\u00edntesis de art\u00edculos relevantes sobre la gesti\u00f3n en la innovadora Sociedad 5.0. Estos recursos te proporcionar\u00e1n una base s\u00f3lida para tomar decisiones informadas y estar a la vanguardia del liderazgo empresarial<\/strong>.<\/p>\n\n\n\n<p>Adem\u00e1s, nuestro compromiso es mantenerte informado sobre las \u00faltimas publicaciones en temas emergentes, garantizando que tu gesti\u00f3n sea eficaz y est\u00e9 en constante evoluci\u00f3n.<\/p>\n\n\n\n<h2 class=\"wp-block-heading\">Los ejes tem\u00e1ticos sobre la gesti\u00f3n en la Sociedad 5.0<\/h2>\n\n\n\n<p><strong>Explora una amplia gama de temas, incluyendo:<\/strong><\/p>\n\n\n\n<ul class=\"wp-block-list\">\n<li><strong><a href=\"https:\/\/blog.juanocampoflorez.com\/?page_id=29\">Liderazgo en la Sociedad 5.0<\/a>:<\/strong> Descubre las claves para liderar en la era de la Sociedad 5.0 y c\u00f3mo adaptar tu estilo de liderazgo a los desaf\u00edos contempor\u00e1neos.<\/li>\n\n\n\n<li><strong><a href=\"https:\/\/blog.juanocampoflorez.com\/?page_id=68\">El trabajo en la Sociedad 5.0<\/a><\/strong>: Explora las transformaciones que surgen de la integraci\u00f3n de diferentes tipos de trabajadores m\u00e1s all\u00e1 de los empleados.<\/li>\n\n\n\n<li><strong><a href=\"https:\/\/blog.juanocampoflorez.com\/?page_id=147\">Tecnolog\u00edas e Inteligencia Artificial aplicadas a las empresas<\/a>: <\/strong>Explora c\u00f3mo las tecnolog\u00edas emergentes pueden impulsar la eficiencia y la innovaci\u00f3n en tu empresa. Identifica los tipos de Inteligencia Artificial y las interacciones entre humanos y m\u00e1quinas.<\/li>\n\n\n\n<li><strong><a href=\"https:\/\/blog.juanocampoflorez.com\/?page_id=157\">Sostenibilidad 5.0<\/a>:<\/strong> Aprende sobre los ejes de la nueva sostenibilidad y c\u00f3mo integrarla a la estrategia empresarial.<\/li>\n\n\n\n<li><strong><a href=\"https:\/\/blog.juanocampoflorez.com\/?page_id=187\">Innovaci\u00f3n en la Sociedad 5.0<\/a>:<\/strong> Sum\u00e9rgete en el mundo de la innovaci\u00f3n y descubre c\u00f3mo mantener a tu empresa a la vanguardia de la Sociedad 5.0.<\/li>\n\n\n\n<li><a href=\"https:\/\/blog.juanocampoflorez.com\/?page_id=112\"><strong>La organizaci\u00f3n y su estructura en la Sociedad 5.0<\/strong>:<\/a> Comprende c\u00f3mo las organizaciones deben adaptarse para prosperar en la Sociedad 5.0. Tal vez todo lo que sab\u00edas&#8230; ya no es aplicable.<\/li>\n<\/ul>\n\n\n\n<p><strong>En GerenciArte, estamos comprometidos a brindarte recursos valiosos y actualizados que te ayudar\u00e1n a destacar como l\u00edder en la Sociedad 5.0. \u00danete a nosotros en este emocionante viaje de aprendizaje y crecimiento.<\/strong><\/p>\n\n\n\n<p class=\"has-text-align-right\"><a href=\"https:\/\/juanocampoflorez.com\/\">Juan Ocampo-Fl\u00f3rez<\/a><\/p>\n\n\n\n<figure class=\"wp-block-image aligncenter size-full is-resized\"><a href=\"https:\/\/blog.juanocampoflorez.com\/?page_id=168\"><img data-recalc-dims=\"1\" fetchpriority=\"high\" decoding=\"async\" src=\"https:\/\/i0.wp.com\/blog.juanocampoflorez.com\/wp-content\/uploads\/2023\/09\/Inicio-e1694175513477.jpeg?resize=297%2C297&#038;ssl=1\" alt=\"\" class=\"wp-image-22\" style=\"width:297px;height:297px\" width=\"297\" height=\"297\"\/><\/a><\/figure>\n\n\n\n<p>\u00bfQuieres conocer nuestra Pol\u00edtica de Privacidad? <a href=\"https:\/\/blog.juanocampoflorez.com\/?p=369\">Clic aqu\u00ed<\/a><\/p>\n","protected":false},"excerpt":{"rendered":"<p>\u00a1Potencia tus habilidades de gesti\u00f3n con nuestro blog de Gerenciarte! Descubre consejos pr\u00e1cticos respaldados por investigaciones y adquiere las estrategias necesarias para liderar con \u00e9xito en la din\u00e1mica Sociedad 5.0. Sum\u00e9rgete en el mundo de la administraci\u00f3n y aprende c\u00f3mo fundamentar tu pr\u00e1ctica gerencial en la literatura cient\u00edfica de vanguardia. En nuestro blog, encontrar\u00e1s comentarios [&hellip;]<\/p>\n","protected":false},"author":1,"featured_media":0,"parent":0,"menu_order":0,"comment_status":"closed","ping_status":"closed","template":"","meta":{"footnotes":""},"class_list":["post-20","page","type-page","status-publish","hentry",""],"yoast_head":"<!-- This site is optimized with the Yoast SEO plugin v27.6 - https:\/\/yoast.com\/product\/yoast-seo-wordpress\/ -->\n<title>GerenciArte: Gesti\u00f3n en la Sociedad 5.0<\/title>\n<meta name=\"description\" content=\"Potencia tus habilidades de gesti\u00f3n en la Sociedad 5.0 con GerenciArte. Descubre las tendencias en las investigaciones sobre administraci\u00f3n.\" \/>\n<meta name=\"robots\" content=\"index, follow, max-snippet:-1, max-image-preview:large, max-video-preview:-1\" \/>\n<link rel=\"canonical\" href=\"https:\/\/blog.juanocampoflorez.com\/?page_id=20\" \/>\n<meta property=\"og:locale\" content=\"es_ES\" \/>\n<meta property=\"og:type\" content=\"article\" \/>\n<meta property=\"og:title\" content=\"GerenciArte: Gesti\u00f3n en la Sociedad 5.0\" \/>\n<meta property=\"og:description\" content=\"Potencia tus habilidades de gesti\u00f3n en la Sociedad 5.0 con GerenciArte. Descubre las tendencias en las investigaciones sobre administraci\u00f3n.\" \/>\n<meta property=\"og:url\" content=\"https:\/\/blog.juanocampoflorez.com\/?page_id=20\" \/>\n<meta property=\"og:site_name\" content=\"GerenciArte\" \/>\n<meta property=\"article:publisher\" content=\"https:\/\/www.facebook.com\/profile.php?id=100012989678061\" \/>\n<meta property=\"article:modified_time\" content=\"2023-09-29T21:16:34+00:00\" \/>\n<meta property=\"og:image\" content=\"https:\/\/blog.juanocampoflorez.com\/wp-content\/uploads\/2023\/09\/Inicio-e1694175513477.jpeg\" \/>\n<meta name=\"twitter:card\" content=\"summary_large_image\" \/>\n<meta name=\"twitter:label1\" content=\"Tiempo de lectura\" \/>\n\t<meta name=\"twitter:data1\" content=\"2 minutos\" \/>\n<script type=\"application\/ld+json\" class=\"yoast-schema-graph\">{\"@context\":\"https:\\\/\\\/schema.org\",\"@graph\":[{\"@type\":\"WebPage\",\"@id\":\"https:\\\/\\\/blog.juanocampoflorez.com\\\/?page_id=20\",\"url\":\"https:\\\/\\\/blog.juanocampoflorez.com\\\/?page_id=20\",\"name\":\"GerenciArte: Gesti\u00f3n en la Sociedad 5.0\",\"isPartOf\":{\"@id\":\"https:\\\/\\\/blog.juanocampoflorez.com\\\/#website\"},\"primaryImageOfPage\":{\"@id\":\"https:\\\/\\\/blog.juanocampoflorez.com\\\/?page_id=20#primaryimage\"},\"image\":{\"@id\":\"https:\\\/\\\/blog.juanocampoflorez.com\\\/?page_id=20#primaryimage\"},\"thumbnailUrl\":\"https:\\\/\\\/blog.juanocampoflorez.com\\\/wp-content\\\/uploads\\\/2023\\\/09\\\/Inicio-e1694175513477.jpeg\",\"datePublished\":\"2023-09-07T21:02:00+00:00\",\"dateModified\":\"2023-09-29T21:16:34+00:00\",\"description\":\"Potencia tus habilidades de gesti\u00f3n en la Sociedad 5.0 con GerenciArte. Descubre las tendencias en las investigaciones sobre administraci\u00f3n.\",\"breadcrumb\":{\"@id\":\"https:\\\/\\\/blog.juanocampoflorez.com\\\/?page_id=20#breadcrumb\"},\"inLanguage\":\"es\",\"potentialAction\":[{\"@type\":\"ReadAction\",\"target\":[\"https:\\\/\\\/blog.juanocampoflorez.com\\\/?page_id=20\"]}]},{\"@type\":\"ImageObject\",\"inLanguage\":\"es\",\"@id\":\"https:\\\/\\\/blog.juanocampoflorez.com\\\/?page_id=20#primaryimage\",\"url\":\"https:\\\/\\\/i0.wp.com\\\/blog.juanocampoflorez.com\\\/wp-content\\\/uploads\\\/2023\\\/09\\\/Inicio-e1694175513477.jpeg?fit=720%2C720&ssl=1\",\"contentUrl\":\"https:\\\/\\\/i0.wp.com\\\/blog.juanocampoflorez.com\\\/wp-content\\\/uploads\\\/2023\\\/09\\\/Inicio-e1694175513477.jpeg?fit=720%2C720&ssl=1\",\"width\":720,\"height\":720},{\"@type\":\"BreadcrumbList\",\"@id\":\"https:\\\/\\\/blog.juanocampoflorez.com\\\/?page_id=20#breadcrumb\",\"itemListElement\":[{\"@type\":\"ListItem\",\"position\":1,\"name\":\"Portada\",\"item\":\"https:\\\/\\\/blog.juanocampoflorez.com\\\/\"},{\"@type\":\"ListItem\",\"position\":2,\"name\":\"GerenciArte\"}]},{\"@type\":\"WebSite\",\"@id\":\"https:\\\/\\\/blog.juanocampoflorez.com\\\/#website\",\"url\":\"https:\\\/\\\/blog.juanocampoflorez.com\\\/\",\"name\":\"GerenciArte\",\"description\":\"An\u00e1lisis de Art\u00edculos sobre Administraci\u00f3n y Gerencia\",\"publisher\":{\"@id\":\"https:\\\/\\\/blog.juanocampoflorez.com\\\/#organization\"},\"potentialAction\":[{\"@type\":\"SearchAction\",\"target\":{\"@type\":\"EntryPoint\",\"urlTemplate\":\"https:\\\/\\\/blog.juanocampoflorez.com\\\/?s={search_term_string}\"},\"query-input\":{\"@type\":\"PropertyValueSpecification\",\"valueRequired\":true,\"valueName\":\"search_term_string\"}}],\"inLanguage\":\"es\"},{\"@type\":\"Organization\",\"@id\":\"https:\\\/\\\/blog.juanocampoflorez.com\\\/#organization\",\"name\":\"GerenciArte\",\"url\":\"https:\\\/\\\/blog.juanocampoflorez.com\\\/\",\"logo\":{\"@type\":\"ImageObject\",\"inLanguage\":\"es\",\"@id\":\"https:\\\/\\\/blog.juanocampoflorez.com\\\/#\\\/schema\\\/logo\\\/image\\\/\",\"url\":\"https:\\\/\\\/blog.juanocampoflorez.com\\\/wp-content\\\/uploads\\\/2023\\\/09\\\/logo.png\",\"contentUrl\":\"https:\\\/\\\/blog.juanocampoflorez.com\\\/wp-content\\\/uploads\\\/2023\\\/09\\\/logo.png\",\"width\":263,\"height\":234,\"caption\":\"GerenciArte\"},\"image\":{\"@id\":\"https:\\\/\\\/blog.juanocampoflorez.com\\\/#\\\/schema\\\/logo\\\/image\\\/\"},\"sameAs\":[\"https:\\\/\\\/www.facebook.com\\\/profile.php?id=100012989678061\"]}]}<\/script>\n<!-- \/ Yoast SEO plugin. -->","yoast_head_json":{"title":"GerenciArte: Gesti\u00f3n en la Sociedad 5.0","description":"Potencia tus habilidades de gesti\u00f3n en la Sociedad 5.0 con GerenciArte. Descubre las tendencias en las investigaciones sobre administraci\u00f3n.","robots":{"index":"index","follow":"follow","max-snippet":"max-snippet:-1","max-image-preview":"max-image-preview:large","max-video-preview":"max-video-preview:-1"},"canonical":"https:\/\/blog.juanocampoflorez.com\/?page_id=20","og_locale":"es_ES","og_type":"article","og_title":"GerenciArte: Gesti\u00f3n en la Sociedad 5.0","og_description":"Potencia tus habilidades de gesti\u00f3n en la Sociedad 5.0 con GerenciArte. Descubre las tendencias en las investigaciones sobre administraci\u00f3n.","og_url":"https:\/\/blog.juanocampoflorez.com\/?page_id=20","og_site_name":"GerenciArte","article_publisher":"https:\/\/www.facebook.com\/profile.php?id=100012989678061","article_modified_time":"2023-09-29T21:16:34+00:00","og_image":[{"url":"https:\/\/blog.juanocampoflorez.com\/wp-content\/uploads\/2023\/09\/Inicio-e1694175513477.jpeg","type":"","width":"","height":""}],"twitter_card":"summary_large_image","twitter_misc":{"Tiempo de lectura":"2 minutos"},"schema":{"@context":"https:\/\/schema.org","@graph":[{"@type":"WebPage","@id":"https:\/\/blog.juanocampoflorez.com\/?page_id=20","url":"https:\/\/blog.juanocampoflorez.com\/?page_id=20","name":"GerenciArte: Gesti\u00f3n en la Sociedad 5.0","isPartOf":{"@id":"https:\/\/blog.juanocampoflorez.com\/#website"},"primaryImageOfPage":{"@id":"https:\/\/blog.juanocampoflorez.com\/?page_id=20#primaryimage"},"image":{"@id":"https:\/\/blog.juanocampoflorez.com\/?page_id=20#primaryimage"},"thumbnailUrl":"https:\/\/blog.juanocampoflorez.com\/wp-content\/uploads\/2023\/09\/Inicio-e1694175513477.jpeg","datePublished":"2023-09-07T21:02:00+00:00","dateModified":"2023-09-29T21:16:34+00:00","description":"Potencia tus habilidades de gesti\u00f3n en la Sociedad 5.0 con GerenciArte. Descubre las tendencias en las investigaciones sobre administraci\u00f3n.","breadcrumb":{"@id":"https:\/\/blog.juanocampoflorez.com\/?page_id=20#breadcrumb"},"inLanguage":"es","potentialAction":[{"@type":"ReadAction","target":["https:\/\/blog.juanocampoflorez.com\/?page_id=20"]}]},{"@type":"ImageObject","inLanguage":"es","@id":"https:\/\/blog.juanocampoflorez.com\/?page_id=20#primaryimage","url":"https:\/\/i0.wp.com\/blog.juanocampoflorez.com\/wp-content\/uploads\/2023\/09\/Inicio-e1694175513477.jpeg?fit=720%2C720&ssl=1","contentUrl":"https:\/\/i0.wp.com\/blog.juanocampoflorez.com\/wp-content\/uploads\/2023\/09\/Inicio-e1694175513477.jpeg?fit=720%2C720&ssl=1","width":720,"height":720},{"@type":"BreadcrumbList","@id":"https:\/\/blog.juanocampoflorez.com\/?page_id=20#breadcrumb","itemListElement":[{"@type":"ListItem","position":1,"name":"Portada","item":"https:\/\/blog.juanocampoflorez.com\/"},{"@type":"ListItem","position":2,"name":"GerenciArte"}]},{"@type":"WebSite","@id":"https:\/\/blog.juanocampoflorez.com\/#website","url":"https:\/\/blog.juanocampoflorez.com\/","name":"GerenciArte","description":"An\u00e1lisis de Art\u00edculos sobre Administraci\u00f3n y Gerencia","publisher":{"@id":"https:\/\/blog.juanocampoflorez.com\/#organization"},"potentialAction":[{"@type":"SearchAction","target":{"@type":"EntryPoint","urlTemplate":"https:\/\/blog.juanocampoflorez.com\/?s={search_term_string}"},"query-input":{"@type":"PropertyValueSpecification","valueRequired":true,"valueName":"search_term_string"}}],"inLanguage":"es"},{"@type":"Organization","@id":"https:\/\/blog.juanocampoflorez.com\/#organization","name":"GerenciArte","url":"https:\/\/blog.juanocampoflorez.com\/","logo":{"@type":"ImageObject","inLanguage":"es","@id":"https:\/\/blog.juanocampoflorez.com\/#\/schema\/logo\/image\/","url":"https:\/\/blog.juanocampoflorez.com\/wp-content\/uploads\/2023\/09\/logo.png","contentUrl":"https:\/\/blog.juanocampoflorez.com\/wp-content\/uploads\/2023\/09\/logo.png","width":263,"height":234,"caption":"GerenciArte"},"image":{"@id":"https:\/\/blog.juanocampoflorez.com\/#\/schema\/logo\/image\/"},"sameAs":["https:\/\/www.facebook.com\/profile.php?id=100012989678061"]}]}},"jetpack-related-posts":[{"id":187,"url":"https:\/\/blog.juanocampoflorez.com\/?page_id=187","url_meta":{"origin":20,"position":0},"title":"Innovaci\u00f3n","author":"Juan Ocampo","date":"","format":false,"excerpt":"La innovaci\u00f3n en la Sociedad 5.0 La concepci\u00f3n de la innovaci\u00f3n en la Sociedad 5.0 se distingue notablemente de las perspectivas previas, como las presentadas por Schumpeter (1911, originalmente en alem\u00e1n y traducidas al ingl\u00e9s en 1934), Burns & Stalker (1961) o Christensen (1998). Schumpeter, en su enfoque pionero, deline\u00f3\u2026","rel":"","context":"Entrada similar","block_context":{"text":"Entrada similar","link":""},"img":{"alt_text":"","src":"https:\/\/i0.wp.com\/blog.juanocampoflorez.com\/wp-content\/uploads\/2023\/09\/Innov1.jpg?resize=350%2C200&ssl=1","width":350,"height":200,"srcset":"https:\/\/i0.wp.com\/blog.juanocampoflorez.com\/wp-content\/uploads\/2023\/09\/Innov1.jpg?resize=350%2C200&ssl=1 1x, https:\/\/i0.wp.com\/blog.juanocampoflorez.com\/wp-content\/uploads\/2023\/09\/Innov1.jpg?resize=525%2C300&ssl=1 1.5x, https:\/\/i0.wp.com\/blog.juanocampoflorez.com\/wp-content\/uploads\/2023\/09\/Innov1.jpg?resize=700%2C400&ssl=1 2x"},"classes":[]},{"id":29,"url":"https:\/\/blog.juanocampoflorez.com\/?page_id=29","url_meta":{"origin":20,"position":1},"title":"Liderazgo","author":"Juan Ocampo","date":"","format":false,"excerpt":"Liderazgo en la Sociedad 5.0 El Liderazgo en la Sociedad 5.0 es producto de una evoluci\u00f3n del concepto. Desde la d\u00e9cada de los 60 del siglo pasado, el liderazgo es un tema recurrente en el \u00e1mbito de la Administraci\u00f3n. Inicialmente, se abord\u00f3 desde la perspectiva del l\u00edder y su estilo\u2026","rel":"","context":"Entrada similar","block_context":{"text":"Entrada similar","link":""},"img":{"alt_text":"Liderazgo en Organizaciones de Servicio Social","src":"https:\/\/i0.wp.com\/blog.juanocampoflorez.com\/wp-content\/uploads\/2023\/09\/Lide_partic.jpeg?resize=350%2C200&ssl=1","width":350,"height":200,"srcset":"https:\/\/i0.wp.com\/blog.juanocampoflorez.com\/wp-content\/uploads\/2023\/09\/Lide_partic.jpeg?resize=350%2C200&ssl=1 1x, https:\/\/i0.wp.com\/blog.juanocampoflorez.com\/wp-content\/uploads\/2023\/09\/Lide_partic.jpeg?resize=525%2C300&ssl=1 1.5x, https:\/\/i0.wp.com\/blog.juanocampoflorez.com\/wp-content\/uploads\/2023\/09\/Lide_partic.jpeg?resize=700%2C400&ssl=1 2x"},"classes":[]},{"id":157,"url":"https:\/\/blog.juanocampoflorez.com\/?page_id=157","url_meta":{"origin":20,"position":2},"title":"Sostenibilidad","author":"Juan Ocampo","date":"","format":false,"excerpt":"Sostenibilidad 5.0 La Sostenibilidad 5.0 es un tema emergente en la administraci\u00f3n y la estrategia empresarial. Este concepto, en sus inicios, marc\u00f3 la preocupaci\u00f3n por el medio ambiente y el desarrollo. En 1983, la ONU estableci\u00f3 la Comisi\u00f3n Mundial sobre el Medio Ambiente y el Desarrollo, cuyo an\u00e1lisis culmin\u00f3 en\u2026","rel":"","context":"Entrada similar","block_context":{"text":"Entrada similar","link":""},"img":{"alt_text":"","src":"https:\/\/i0.wp.com\/blog.juanocampoflorez.com\/wp-content\/uploads\/2023\/09\/Sost1.jpg?resize=350%2C200&ssl=1","width":350,"height":200,"srcset":"https:\/\/i0.wp.com\/blog.juanocampoflorez.com\/wp-content\/uploads\/2023\/09\/Sost1.jpg?resize=350%2C200&ssl=1 1x, https:\/\/i0.wp.com\/blog.juanocampoflorez.com\/wp-content\/uploads\/2023\/09\/Sost1.jpg?resize=525%2C300&ssl=1 1.5x, https:\/\/i0.wp.com\/blog.juanocampoflorez.com\/wp-content\/uploads\/2023\/09\/Sost1.jpg?resize=700%2C400&ssl=1 2x"},"classes":[]},{"id":68,"url":"https:\/\/blog.juanocampoflorez.com\/?page_id=68","url_meta":{"origin":20,"position":3},"title":"Trabajo","author":"Juan Ocampo","date":"","format":false,"excerpt":"El trabajo en la Sociedad 5.0 El concepto trabajo en la Sociedad 5.0 lleva a cuestionar muchas de las pr\u00e1cticas gerenciales previamente definidas. La Administraci\u00f3n se construy\u00f3 bajo el supuesto de un \u00fanico tipo de trabajador: el empleado. Las pr\u00e1cticas de los gerentes fueron dise\u00f1adas bajo la estructura del contrato\u2026","rel":"","context":"Entrada similar","block_context":{"text":"Entrada similar","link":""},"img":{"alt_text":"","src":"https:\/\/i0.wp.com\/blog.juanocampoflorez.com\/wp-content\/uploads\/2023\/09\/Trabajo5.0.jpeg?resize=350%2C200&ssl=1","width":350,"height":200,"srcset":"https:\/\/i0.wp.com\/blog.juanocampoflorez.com\/wp-content\/uploads\/2023\/09\/Trabajo5.0.jpeg?resize=350%2C200&ssl=1 1x, https:\/\/i0.wp.com\/blog.juanocampoflorez.com\/wp-content\/uploads\/2023\/09\/Trabajo5.0.jpeg?resize=525%2C300&ssl=1 1.5x, https:\/\/i0.wp.com\/blog.juanocampoflorez.com\/wp-content\/uploads\/2023\/09\/Trabajo5.0.jpeg?resize=700%2C400&ssl=1 2x"},"classes":[]},{"id":112,"url":"https:\/\/blog.juanocampoflorez.com\/?page_id=112","url_meta":{"origin":20,"position":4},"title":"Organizaci\u00f3n","author":"Juan Ocampo","date":"","format":false,"excerpt":"La organizaci\u00f3n y su estructura en la Sociedad 5.0 Organizaci\u00f3n en la Sociedad 5.0 se ha transformado de manera radical y cuestiona las pr\u00e1cticas organizacionales que se han dise\u00f1ado previamente. La organizaci\u00f3n empresarial constituye uno de los fundamentos clave de la gesti\u00f3n empresarial. En sus primeros a\u00f1os, se conceb\u00eda como\u2026","rel":"","context":"Entrada similar","block_context":{"text":"Entrada similar","link":""},"img":{"alt_text":"","src":"https:\/\/i0.wp.com\/blog.juanocampoflorez.com\/wp-content\/uploads\/2023\/09\/Red_Interorg1.jpeg?resize=350%2C200&ssl=1","width":350,"height":200,"srcset":"https:\/\/i0.wp.com\/blog.juanocampoflorez.com\/wp-content\/uploads\/2023\/09\/Red_Interorg1.jpeg?resize=350%2C200&ssl=1 1x, https:\/\/i0.wp.com\/blog.juanocampoflorez.com\/wp-content\/uploads\/2023\/09\/Red_Interorg1.jpeg?resize=525%2C300&ssl=1 1.5x, https:\/\/i0.wp.com\/blog.juanocampoflorez.com\/wp-content\/uploads\/2023\/09\/Red_Interorg1.jpeg?resize=700%2C400&ssl=1 2x"},"classes":[]},{"id":147,"url":"https:\/\/blog.juanocampoflorez.com\/?page_id=147","url_meta":{"origin":20,"position":5},"title":"Tecnolog\u00edas","author":"Juan Ocampo","date":"","format":false,"excerpt":"Tecnolog\u00edas e Inteligencia Artificial aplicadas a las empresas Las tecnolog\u00edas y la inteligencia artificial transforman las empresas y aspectos fundamentales de la vida humana. Los primeros art\u00edculos cient\u00edficos que propon\u00edan el desarrollo de la inteligencia artificial (McCulloch & Pitts, 1943; Turing, 1950). La primera discusi\u00f3n sobre los objetivos y posibilidades\u2026","rel":"","context":"Entrada similar","block_context":{"text":"Entrada similar","link":""},"img":{"alt_text":"","src":"https:\/\/i0.wp.com\/blog.juanocampoflorez.com\/wp-content\/uploads\/2023\/09\/Gerencia5.01.jpg?resize=350%2C200&ssl=1","width":350,"height":200,"srcset":"https:\/\/i0.wp.com\/blog.juanocampoflorez.com\/wp-content\/uploads\/2023\/09\/Gerencia5.01.jpg?resize=350%2C200&ssl=1 1x, https:\/\/i0.wp.com\/blog.juanocampoflorez.com\/wp-content\/uploads\/2023\/09\/Gerencia5.01.jpg?resize=525%2C300&ssl=1 1.5x, https:\/\/i0.wp.com\/blog.juanocampoflorez.com\/wp-content\/uploads\/2023\/09\/Gerencia5.01.jpg?resize=700%2C400&ssl=1 2x"},"classes":[]}],"jetpack_sharing_enabled":true,"_links":{"self":[{"href":"https:\/\/blog.juanocampoflorez.com\/index.php?rest_route=\/wp\/v2\/pages\/20","targetHints":{"allow":["GET"]}}],"collection":[{"href":"https:\/\/blog.juanocampoflorez.com\/index.php?rest_route=\/wp\/v2\/pages"}],"about":[{"href":"https:\/\/blog.juanocampoflorez.com\/index.php?rest_route=\/wp\/v2\/types\/page"}],"author":[{"embeddable":true,"href":"https:\/\/blog.juanocampoflorez.com\/index.php?rest_route=\/wp\/v2\/users\/1"}],"replies":[{"embeddable":true,"href":"https:\/\/blog.juanocampoflorez.com\/index.php?rest_route=%2Fwp%2Fv2%2Fcomments&post=20"}],"version-history":[{"count":0,"href":"https:\/\/blog.juanocampoflorez.com\/index.php?rest_route=\/wp\/v2\/pages\/20\/revisions"}],"wp:attachment":[{"href":"https:\/\/blog.juanocampoflorez.com\/index.php?rest_route=%2Fwp%2Fv2%2Fmedia&parent=20"}],"curies":[{"name":"wp","href":"https:\/\/api.w.org\/{rel}","templated":true}]}}