{"id":68,"date":"2023-09-08T08:29:14","date_gmt":"2023-09-08T13:29:14","guid":{"rendered":"https:\/\/blog.juanocampoflorez.com\/?page_id=68"},"modified":"2023-09-26T19:17:27","modified_gmt":"2023-09-27T00:17:27","slug":"evolucion-trabajo-practicas-gerenciales-sociedad-5-0","status":"publish","type":"page","link":"https:\/\/blog.juanocampoflorez.com\/?page_id=68","title":{"rendered":"Trabajo"},"content":{"rendered":"\n<h2 class=\"wp-block-heading\">El trabajo en la Sociedad 5.0<\/h2>\n\n\n\n<p>El concepto trabajo en la Sociedad 5.0 lleva a cuestionar muchas de las pr\u00e1cticas gerenciales previamente definidas. La Administraci\u00f3n se construy\u00f3 bajo el supuesto de un \u00fanico tipo de trabajador: el empleado. Las pr\u00e1cticas de los gerentes fueron dise\u00f1adas bajo la estructura del contrato laboral que impone al trabajador un reglamento y los niveles de subordinaci\u00f3n para que se pueda ejercer la direcci\u00f3n y el control.<\/p>\n\n\n\n<p>Con el paso del tiempo, la administraci\u00f3n le reconoci\u00f3 a este empleado su aporte m\u00e1s all\u00e1 de la ejecuci\u00f3n de operaciones. Entonces se abri\u00f3 el espacio a la participaci\u00f3n en las decisiones, dado su amplio conocimiento sobre los temas bajo su responsabilidad. Autores como Hamel propusieron nombres que reemplazaran el t\u00e9rmino por &#8216;<em>Asociado<\/em>&#8216;,  &#8216;<em>Miembro de equipo<\/em>&#8216; o &#8216;<em>Colega&#8217;<\/em>. Y Martin propuso el &#8216;<em>Thinker<\/em>&#8216;. Pero todos estos nombres siguen suponiendo la relaci\u00f3n con un \u00fanico trabajador que opera bajo el contrato laboral.<\/p>\n\n\n\n<p>Sin embargo, en la \u00faltima d\u00e9cada han tomado fuerza trabajadores no empleados. \u00bfC\u00f3mo gerenciarlos sin la \u00abprotecci\u00f3n\u00bb del contrato laboral?<\/p>\n\n\n\n<p>En este tema de los Blog te traeremos las investigaciones recientes que enfrentan esta realidad que cuestiona en gran medida las pr\u00e1cticas gerenciales.<\/p>\n\n\n\n<ul class=\"wp-block-list\">\n<li>Rese\u00f1a del art\u00edculo \u201c&#8217;<em><a href=\"https:\/\/blog.juanocampoflorez.com\/?p=346\">Youhave got a friend\u2019 The value of perceived proximity for teleworking success in dispersed teams<\/a><\/em>\u201d (Ruiller, et al., 2019).<\/li>\n\n\n\n<li>Propuesta de pr\u00e1cticas gerenciales a partir del art\u00edculo <em><a href=\"https:\/\/blog.juanocampoflorez.com\/?p=358\">\u201c\u2019Youhave got a friend\u2019 The value of perceived proximity for teleworking success in dispersed teams\u201d <\/a><\/em>(Ruiller, et al., 2019)<\/li>\n<\/ul>\n\n\n\n<p>Para leer Blogs sobre otros temas de tendencia en la gerencia, da <code><a href=\"https:\/\/blog.juanocampoflorez.com\/?page_id=20\">clic aqu\u00ed<\/a><\/code>.<\/p>\n\n\n\n<p class=\"has-text-align-right\"><a href=\"https:\/\/juanocampoflorez.com\/\">Juan Ocampo-Fl\u00f3rez<\/a><\/p>\n\n\n\n<figure class=\"wp-block-image aligncenter size-full is-resized\"><img data-recalc-dims=\"1\" fetchpriority=\"high\" decoding=\"async\" src=\"https:\/\/i0.wp.com\/blog.juanocampoflorez.com\/wp-content\/uploads\/2023\/09\/Trabajo5.0.jpeg?resize=224%2C224&#038;ssl=1\" alt=\"\" class=\"wp-image-104\" style=\"width:224px;height:224px\" width=\"224\" height=\"224\" srcset=\"https:\/\/i0.wp.com\/blog.juanocampoflorez.com\/wp-content\/uploads\/2023\/09\/Trabajo5.0.jpeg?w=1024&amp;ssl=1 1024w, https:\/\/i0.wp.com\/blog.juanocampoflorez.com\/wp-content\/uploads\/2023\/09\/Trabajo5.0.jpeg?resize=300%2C300&amp;ssl=1 300w, https:\/\/i0.wp.com\/blog.juanocampoflorez.com\/wp-content\/uploads\/2023\/09\/Trabajo5.0.jpeg?resize=150%2C150&amp;ssl=1 150w, https:\/\/i0.wp.com\/blog.juanocampoflorez.com\/wp-content\/uploads\/2023\/09\/Trabajo5.0.jpeg?resize=768%2C768&amp;ssl=1 768w\" sizes=\"(max-width: 224px) 100vw, 224px\" \/><\/figure>\n","protected":false},"excerpt":{"rendered":"<p>El trabajo en la Sociedad 5.0 El concepto trabajo en la Sociedad 5.0 lleva a cuestionar muchas de las pr\u00e1cticas gerenciales previamente definidas. La Administraci\u00f3n se construy\u00f3 bajo el supuesto de un \u00fanico tipo de trabajador: el empleado. Las pr\u00e1cticas de los gerentes fueron dise\u00f1adas bajo la estructura del contrato laboral que impone al trabajador [&hellip;]<\/p>\n","protected":false},"author":1,"featured_media":0,"parent":0,"menu_order":0,"comment_status":"closed","ping_status":"closed","template":"","meta":{"footnotes":""},"class_list":["post-68","page","type-page","status-publish","hentry",""],"yoast_head":"<!-- This site is optimized with the Yoast SEO plugin v27.6 - https:\/\/yoast.com\/product\/yoast-seo-wordpress\/ -->\n<title>Trabajo en la Sociedad 5.0: Evoluci\u00f3n de las Pr\u00e1cticas Gerenciales<\/title>\n<meta name=\"description\" content=\"Descubre c\u00f3mo la gesti\u00f3n ha evolucionado por el nuevo trabajo en la Sociedad 5.0: desde el empleado hasta los trabajadores no empleados.\" \/>\n<meta name=\"robots\" content=\"index, follow, max-snippet:-1, max-image-preview:large, max-video-preview:-1\" \/>\n<link rel=\"canonical\" href=\"https:\/\/blog.juanocampoflorez.com\/?page_id=68\" \/>\n<meta property=\"og:locale\" content=\"es_ES\" \/>\n<meta property=\"og:type\" content=\"article\" \/>\n<meta property=\"og:title\" content=\"Trabajo en la Sociedad 5.0: Evoluci\u00f3n de las Pr\u00e1cticas Gerenciales\" \/>\n<meta property=\"og:description\" content=\"Descubre c\u00f3mo la gesti\u00f3n ha evolucionado por el nuevo trabajo en la Sociedad 5.0: desde el empleado hasta los trabajadores no empleados.\" \/>\n<meta property=\"og:url\" content=\"https:\/\/blog.juanocampoflorez.com\/?page_id=68\" \/>\n<meta property=\"og:site_name\" content=\"GerenciArte\" \/>\n<meta property=\"article:publisher\" content=\"https:\/\/www.facebook.com\/profile.php?id=100012989678061\" \/>\n<meta property=\"article:modified_time\" content=\"2023-09-27T00:17:27+00:00\" \/>\n<meta property=\"og:image\" content=\"https:\/\/blog.juanocampoflorez.com\/wp-content\/uploads\/2023\/09\/Trabajo5.0.jpeg\" \/>\n<meta name=\"twitter:card\" content=\"summary_large_image\" \/>\n<meta name=\"twitter:label1\" content=\"Tiempo de lectura\" \/>\n\t<meta name=\"twitter:data1\" content=\"2 minutos\" \/>\n<script type=\"application\/ld+json\" class=\"yoast-schema-graph\">{\"@context\":\"https:\\\/\\\/schema.org\",\"@graph\":[{\"@type\":\"WebPage\",\"@id\":\"https:\\\/\\\/blog.juanocampoflorez.com\\\/?page_id=68\",\"url\":\"https:\\\/\\\/blog.juanocampoflorez.com\\\/?page_id=68\",\"name\":\"Trabajo en la Sociedad 5.0: Evoluci\u00f3n de las Pr\u00e1cticas Gerenciales\",\"isPartOf\":{\"@id\":\"https:\\\/\\\/blog.juanocampoflorez.com\\\/#website\"},\"primaryImageOfPage\":{\"@id\":\"https:\\\/\\\/blog.juanocampoflorez.com\\\/?page_id=68#primaryimage\"},\"image\":{\"@id\":\"https:\\\/\\\/blog.juanocampoflorez.com\\\/?page_id=68#primaryimage\"},\"thumbnailUrl\":\"https:\\\/\\\/blog.juanocampoflorez.com\\\/wp-content\\\/uploads\\\/2023\\\/09\\\/Trabajo5.0.jpeg\",\"datePublished\":\"2023-09-08T13:29:14+00:00\",\"dateModified\":\"2023-09-27T00:17:27+00:00\",\"description\":\"Descubre c\u00f3mo la gesti\u00f3n ha evolucionado por el nuevo trabajo en la Sociedad 5.0: desde el empleado hasta los trabajadores no empleados.\",\"breadcrumb\":{\"@id\":\"https:\\\/\\\/blog.juanocampoflorez.com\\\/?page_id=68#breadcrumb\"},\"inLanguage\":\"es\",\"potentialAction\":[{\"@type\":\"ReadAction\",\"target\":[\"https:\\\/\\\/blog.juanocampoflorez.com\\\/?page_id=68\"]}]},{\"@type\":\"ImageObject\",\"inLanguage\":\"es\",\"@id\":\"https:\\\/\\\/blog.juanocampoflorez.com\\\/?page_id=68#primaryimage\",\"url\":\"https:\\\/\\\/i0.wp.com\\\/blog.juanocampoflorez.com\\\/wp-content\\\/uploads\\\/2023\\\/09\\\/Trabajo5.0.jpeg?fit=1024%2C1024&ssl=1\",\"contentUrl\":\"https:\\\/\\\/i0.wp.com\\\/blog.juanocampoflorez.com\\\/wp-content\\\/uploads\\\/2023\\\/09\\\/Trabajo5.0.jpeg?fit=1024%2C1024&ssl=1\",\"width\":1024,\"height\":1024},{\"@type\":\"BreadcrumbList\",\"@id\":\"https:\\\/\\\/blog.juanocampoflorez.com\\\/?page_id=68#breadcrumb\",\"itemListElement\":[{\"@type\":\"ListItem\",\"position\":1,\"name\":\"Portada\",\"item\":\"https:\\\/\\\/blog.juanocampoflorez.com\\\/\"},{\"@type\":\"ListItem\",\"position\":2,\"name\":\"Trabajo\"}]},{\"@type\":\"WebSite\",\"@id\":\"https:\\\/\\\/blog.juanocampoflorez.com\\\/#website\",\"url\":\"https:\\\/\\\/blog.juanocampoflorez.com\\\/\",\"name\":\"GerenciArte\",\"description\":\"An\u00e1lisis de Art\u00edculos sobre Administraci\u00f3n y Gerencia\",\"publisher\":{\"@id\":\"https:\\\/\\\/blog.juanocampoflorez.com\\\/#organization\"},\"potentialAction\":[{\"@type\":\"SearchAction\",\"target\":{\"@type\":\"EntryPoint\",\"urlTemplate\":\"https:\\\/\\\/blog.juanocampoflorez.com\\\/?s={search_term_string}\"},\"query-input\":{\"@type\":\"PropertyValueSpecification\",\"valueRequired\":true,\"valueName\":\"search_term_string\"}}],\"inLanguage\":\"es\"},{\"@type\":\"Organization\",\"@id\":\"https:\\\/\\\/blog.juanocampoflorez.com\\\/#organization\",\"name\":\"GerenciArte\",\"url\":\"https:\\\/\\\/blog.juanocampoflorez.com\\\/\",\"logo\":{\"@type\":\"ImageObject\",\"inLanguage\":\"es\",\"@id\":\"https:\\\/\\\/blog.juanocampoflorez.com\\\/#\\\/schema\\\/logo\\\/image\\\/\",\"url\":\"https:\\\/\\\/blog.juanocampoflorez.com\\\/wp-content\\\/uploads\\\/2023\\\/09\\\/logo.png\",\"contentUrl\":\"https:\\\/\\\/blog.juanocampoflorez.com\\\/wp-content\\\/uploads\\\/2023\\\/09\\\/logo.png\",\"width\":263,\"height\":234,\"caption\":\"GerenciArte\"},\"image\":{\"@id\":\"https:\\\/\\\/blog.juanocampoflorez.com\\\/#\\\/schema\\\/logo\\\/image\\\/\"},\"sameAs\":[\"https:\\\/\\\/www.facebook.com\\\/profile.php?id=100012989678061\"]}]}<\/script>\n<!-- \/ Yoast SEO plugin. -->","yoast_head_json":{"title":"Trabajo en la Sociedad 5.0: Evoluci\u00f3n de las Pr\u00e1cticas Gerenciales","description":"Descubre c\u00f3mo la gesti\u00f3n ha evolucionado por el nuevo trabajo en la Sociedad 5.0: desde el empleado hasta los trabajadores no empleados.","robots":{"index":"index","follow":"follow","max-snippet":"max-snippet:-1","max-image-preview":"max-image-preview:large","max-video-preview":"max-video-preview:-1"},"canonical":"https:\/\/blog.juanocampoflorez.com\/?page_id=68","og_locale":"es_ES","og_type":"article","og_title":"Trabajo en la Sociedad 5.0: Evoluci\u00f3n de las Pr\u00e1cticas Gerenciales","og_description":"Descubre c\u00f3mo la gesti\u00f3n ha evolucionado por el nuevo trabajo en la Sociedad 5.0: desde el empleado hasta los trabajadores no empleados.","og_url":"https:\/\/blog.juanocampoflorez.com\/?page_id=68","og_site_name":"GerenciArte","article_publisher":"https:\/\/www.facebook.com\/profile.php?id=100012989678061","article_modified_time":"2023-09-27T00:17:27+00:00","og_image":[{"url":"https:\/\/blog.juanocampoflorez.com\/wp-content\/uploads\/2023\/09\/Trabajo5.0.jpeg","type":"","width":"","height":""}],"twitter_card":"summary_large_image","twitter_misc":{"Tiempo de lectura":"2 minutos"},"schema":{"@context":"https:\/\/schema.org","@graph":[{"@type":"WebPage","@id":"https:\/\/blog.juanocampoflorez.com\/?page_id=68","url":"https:\/\/blog.juanocampoflorez.com\/?page_id=68","name":"Trabajo en la Sociedad 5.0: Evoluci\u00f3n de las Pr\u00e1cticas Gerenciales","isPartOf":{"@id":"https:\/\/blog.juanocampoflorez.com\/#website"},"primaryImageOfPage":{"@id":"https:\/\/blog.juanocampoflorez.com\/?page_id=68#primaryimage"},"image":{"@id":"https:\/\/blog.juanocampoflorez.com\/?page_id=68#primaryimage"},"thumbnailUrl":"https:\/\/blog.juanocampoflorez.com\/wp-content\/uploads\/2023\/09\/Trabajo5.0.jpeg","datePublished":"2023-09-08T13:29:14+00:00","dateModified":"2023-09-27T00:17:27+00:00","description":"Descubre c\u00f3mo la gesti\u00f3n ha evolucionado por el nuevo trabajo en la Sociedad 5.0: desde el empleado hasta los trabajadores no empleados.","breadcrumb":{"@id":"https:\/\/blog.juanocampoflorez.com\/?page_id=68#breadcrumb"},"inLanguage":"es","potentialAction":[{"@type":"ReadAction","target":["https:\/\/blog.juanocampoflorez.com\/?page_id=68"]}]},{"@type":"ImageObject","inLanguage":"es","@id":"https:\/\/blog.juanocampoflorez.com\/?page_id=68#primaryimage","url":"https:\/\/i0.wp.com\/blog.juanocampoflorez.com\/wp-content\/uploads\/2023\/09\/Trabajo5.0.jpeg?fit=1024%2C1024&ssl=1","contentUrl":"https:\/\/i0.wp.com\/blog.juanocampoflorez.com\/wp-content\/uploads\/2023\/09\/Trabajo5.0.jpeg?fit=1024%2C1024&ssl=1","width":1024,"height":1024},{"@type":"BreadcrumbList","@id":"https:\/\/blog.juanocampoflorez.com\/?page_id=68#breadcrumb","itemListElement":[{"@type":"ListItem","position":1,"name":"Portada","item":"https:\/\/blog.juanocampoflorez.com\/"},{"@type":"ListItem","position":2,"name":"Trabajo"}]},{"@type":"WebSite","@id":"https:\/\/blog.juanocampoflorez.com\/#website","url":"https:\/\/blog.juanocampoflorez.com\/","name":"GerenciArte","description":"An\u00e1lisis de Art\u00edculos sobre Administraci\u00f3n y Gerencia","publisher":{"@id":"https:\/\/blog.juanocampoflorez.com\/#organization"},"potentialAction":[{"@type":"SearchAction","target":{"@type":"EntryPoint","urlTemplate":"https:\/\/blog.juanocampoflorez.com\/?s={search_term_string}"},"query-input":{"@type":"PropertyValueSpecification","valueRequired":true,"valueName":"search_term_string"}}],"inLanguage":"es"},{"@type":"Organization","@id":"https:\/\/blog.juanocampoflorez.com\/#organization","name":"GerenciArte","url":"https:\/\/blog.juanocampoflorez.com\/","logo":{"@type":"ImageObject","inLanguage":"es","@id":"https:\/\/blog.juanocampoflorez.com\/#\/schema\/logo\/image\/","url":"https:\/\/blog.juanocampoflorez.com\/wp-content\/uploads\/2023\/09\/logo.png","contentUrl":"https:\/\/blog.juanocampoflorez.com\/wp-content\/uploads\/2023\/09\/logo.png","width":263,"height":234,"caption":"GerenciArte"},"image":{"@id":"https:\/\/blog.juanocampoflorez.com\/#\/schema\/logo\/image\/"},"sameAs":["https:\/\/www.facebook.com\/profile.php?id=100012989678061"]}]}},"jetpack-related-posts":[{"id":20,"url":"https:\/\/blog.juanocampoflorez.com\/?page_id=20","url_meta":{"origin":68,"position":0},"title":"GerenciArte","author":"Juan Ocampo","date":"","format":false,"excerpt":"\u00a1Potencia tus habilidades de gesti\u00f3n con nuestro blog de Gerenciarte! Descubre consejos pr\u00e1cticos respaldados por investigaciones y adquiere las estrategias necesarias para liderar con \u00e9xito en la din\u00e1mica Sociedad 5.0. Sum\u00e9rgete en el mundo de la administraci\u00f3n y aprende c\u00f3mo fundamentar tu pr\u00e1ctica gerencial en la literatura cient\u00edfica de vanguardia.\u2026","rel":"","context":"Entrada similar","block_context":{"text":"Entrada similar","link":""},"img":{"alt_text":"","src":"https:\/\/i0.wp.com\/blog.juanocampoflorez.com\/wp-content\/uploads\/2023\/09\/Inicio-e1694175513477.jpeg?resize=350%2C200&ssl=1","width":350,"height":200,"srcset":"https:\/\/i0.wp.com\/blog.juanocampoflorez.com\/wp-content\/uploads\/2023\/09\/Inicio-e1694175513477.jpeg?resize=350%2C200&ssl=1 1x, https:\/\/i0.wp.com\/blog.juanocampoflorez.com\/wp-content\/uploads\/2023\/09\/Inicio-e1694175513477.jpeg?resize=525%2C300&ssl=1 1.5x, https:\/\/i0.wp.com\/blog.juanocampoflorez.com\/wp-content\/uploads\/2023\/09\/Inicio-e1694175513477.jpeg?resize=700%2C400&ssl=1 2x"},"classes":[]},{"id":157,"url":"https:\/\/blog.juanocampoflorez.com\/?page_id=157","url_meta":{"origin":68,"position":1},"title":"Sostenibilidad","author":"Juan Ocampo","date":"","format":false,"excerpt":"Sostenibilidad 5.0 La Sostenibilidad 5.0 es un tema emergente en la administraci\u00f3n y la estrategia empresarial. Este concepto, en sus inicios, marc\u00f3 la preocupaci\u00f3n por el medio ambiente y el desarrollo. En 1983, la ONU estableci\u00f3 la Comisi\u00f3n Mundial sobre el Medio Ambiente y el Desarrollo, cuyo an\u00e1lisis culmin\u00f3 en\u2026","rel":"","context":"Entrada similar","block_context":{"text":"Entrada similar","link":""},"img":{"alt_text":"","src":"https:\/\/i0.wp.com\/blog.juanocampoflorez.com\/wp-content\/uploads\/2023\/09\/Sost1.jpg?resize=350%2C200&ssl=1","width":350,"height":200,"srcset":"https:\/\/i0.wp.com\/blog.juanocampoflorez.com\/wp-content\/uploads\/2023\/09\/Sost1.jpg?resize=350%2C200&ssl=1 1x, https:\/\/i0.wp.com\/blog.juanocampoflorez.com\/wp-content\/uploads\/2023\/09\/Sost1.jpg?resize=525%2C300&ssl=1 1.5x, https:\/\/i0.wp.com\/blog.juanocampoflorez.com\/wp-content\/uploads\/2023\/09\/Sost1.jpg?resize=700%2C400&ssl=1 2x"},"classes":[]},{"id":29,"url":"https:\/\/blog.juanocampoflorez.com\/?page_id=29","url_meta":{"origin":68,"position":2},"title":"Liderazgo","author":"Juan Ocampo","date":"","format":false,"excerpt":"Liderazgo en la Sociedad 5.0 El Liderazgo en la Sociedad 5.0 es producto de una evoluci\u00f3n del concepto. Desde la d\u00e9cada de los 60 del siglo pasado, el liderazgo es un tema recurrente en el \u00e1mbito de la Administraci\u00f3n. Inicialmente, se abord\u00f3 desde la perspectiva del l\u00edder y su estilo\u2026","rel":"","context":"Entrada similar","block_context":{"text":"Entrada similar","link":""},"img":{"alt_text":"Liderazgo en Organizaciones de Servicio Social","src":"https:\/\/i0.wp.com\/blog.juanocampoflorez.com\/wp-content\/uploads\/2023\/09\/Lide_partic.jpeg?resize=350%2C200&ssl=1","width":350,"height":200,"srcset":"https:\/\/i0.wp.com\/blog.juanocampoflorez.com\/wp-content\/uploads\/2023\/09\/Lide_partic.jpeg?resize=350%2C200&ssl=1 1x, https:\/\/i0.wp.com\/blog.juanocampoflorez.com\/wp-content\/uploads\/2023\/09\/Lide_partic.jpeg?resize=525%2C300&ssl=1 1.5x, https:\/\/i0.wp.com\/blog.juanocampoflorez.com\/wp-content\/uploads\/2023\/09\/Lide_partic.jpeg?resize=700%2C400&ssl=1 2x"},"classes":[]},{"id":112,"url":"https:\/\/blog.juanocampoflorez.com\/?page_id=112","url_meta":{"origin":68,"position":3},"title":"Organizaci\u00f3n","author":"Juan Ocampo","date":"","format":false,"excerpt":"La organizaci\u00f3n y su estructura en la Sociedad 5.0 Organizaci\u00f3n en la Sociedad 5.0 se ha transformado de manera radical y cuestiona las pr\u00e1cticas organizacionales que se han dise\u00f1ado previamente. La organizaci\u00f3n empresarial constituye uno de los fundamentos clave de la gesti\u00f3n empresarial. En sus primeros a\u00f1os, se conceb\u00eda como\u2026","rel":"","context":"Entrada similar","block_context":{"text":"Entrada similar","link":""},"img":{"alt_text":"","src":"https:\/\/i0.wp.com\/blog.juanocampoflorez.com\/wp-content\/uploads\/2023\/09\/Red_Interorg1.jpeg?resize=350%2C200&ssl=1","width":350,"height":200,"srcset":"https:\/\/i0.wp.com\/blog.juanocampoflorez.com\/wp-content\/uploads\/2023\/09\/Red_Interorg1.jpeg?resize=350%2C200&ssl=1 1x, https:\/\/i0.wp.com\/blog.juanocampoflorez.com\/wp-content\/uploads\/2023\/09\/Red_Interorg1.jpeg?resize=525%2C300&ssl=1 1.5x, https:\/\/i0.wp.com\/blog.juanocampoflorez.com\/wp-content\/uploads\/2023\/09\/Red_Interorg1.jpeg?resize=700%2C400&ssl=1 2x"},"classes":[]},{"id":187,"url":"https:\/\/blog.juanocampoflorez.com\/?page_id=187","url_meta":{"origin":68,"position":4},"title":"Innovaci\u00f3n","author":"Juan Ocampo","date":"","format":false,"excerpt":"La innovaci\u00f3n en la Sociedad 5.0 La concepci\u00f3n de la innovaci\u00f3n en la Sociedad 5.0 se distingue notablemente de las perspectivas previas, como las presentadas por Schumpeter (1911, originalmente en alem\u00e1n y traducidas al ingl\u00e9s en 1934), Burns & Stalker (1961) o Christensen (1998). Schumpeter, en su enfoque pionero, deline\u00f3\u2026","rel":"","context":"Entrada similar","block_context":{"text":"Entrada similar","link":""},"img":{"alt_text":"","src":"https:\/\/i0.wp.com\/blog.juanocampoflorez.com\/wp-content\/uploads\/2023\/09\/Innov1.jpg?resize=350%2C200&ssl=1","width":350,"height":200,"srcset":"https:\/\/i0.wp.com\/blog.juanocampoflorez.com\/wp-content\/uploads\/2023\/09\/Innov1.jpg?resize=350%2C200&ssl=1 1x, https:\/\/i0.wp.com\/blog.juanocampoflorez.com\/wp-content\/uploads\/2023\/09\/Innov1.jpg?resize=525%2C300&ssl=1 1.5x, https:\/\/i0.wp.com\/blog.juanocampoflorez.com\/wp-content\/uploads\/2023\/09\/Innov1.jpg?resize=700%2C400&ssl=1 2x"},"classes":[]},{"id":147,"url":"https:\/\/blog.juanocampoflorez.com\/?page_id=147","url_meta":{"origin":68,"position":5},"title":"Tecnolog\u00edas","author":"Juan Ocampo","date":"","format":false,"excerpt":"Tecnolog\u00edas e Inteligencia Artificial aplicadas a las empresas Las tecnolog\u00edas y la inteligencia artificial transforman las empresas y aspectos fundamentales de la vida humana. Los primeros art\u00edculos cient\u00edficos que propon\u00edan el desarrollo de la inteligencia artificial (McCulloch & Pitts, 1943; Turing, 1950). La primera discusi\u00f3n sobre los objetivos y posibilidades\u2026","rel":"","context":"Entrada similar","block_context":{"text":"Entrada similar","link":""},"img":{"alt_text":"","src":"https:\/\/i0.wp.com\/blog.juanocampoflorez.com\/wp-content\/uploads\/2023\/09\/Gerencia5.01.jpg?resize=350%2C200&ssl=1","width":350,"height":200,"srcset":"https:\/\/i0.wp.com\/blog.juanocampoflorez.com\/wp-content\/uploads\/2023\/09\/Gerencia5.01.jpg?resize=350%2C200&ssl=1 1x, https:\/\/i0.wp.com\/blog.juanocampoflorez.com\/wp-content\/uploads\/2023\/09\/Gerencia5.01.jpg?resize=525%2C300&ssl=1 1.5x, https:\/\/i0.wp.com\/blog.juanocampoflorez.com\/wp-content\/uploads\/2023\/09\/Gerencia5.01.jpg?resize=700%2C400&ssl=1 2x"},"classes":[]}],"jetpack_sharing_enabled":true,"_links":{"self":[{"href":"https:\/\/blog.juanocampoflorez.com\/index.php?rest_route=\/wp\/v2\/pages\/68","targetHints":{"allow":["GET"]}}],"collection":[{"href":"https:\/\/blog.juanocampoflorez.com\/index.php?rest_route=\/wp\/v2\/pages"}],"about":[{"href":"https:\/\/blog.juanocampoflorez.com\/index.php?rest_route=\/wp\/v2\/types\/page"}],"author":[{"embeddable":true,"href":"https:\/\/blog.juanocampoflorez.com\/index.php?rest_route=\/wp\/v2\/users\/1"}],"replies":[{"embeddable":true,"href":"https:\/\/blog.juanocampoflorez.com\/index.php?rest_route=%2Fwp%2Fv2%2Fcomments&post=68"}],"version-history":[{"count":0,"href":"https:\/\/blog.juanocampoflorez.com\/index.php?rest_route=\/wp\/v2\/pages\/68\/revisions"}],"wp:attachment":[{"href":"https:\/\/blog.juanocampoflorez.com\/index.php?rest_route=%2Fwp%2Fv2%2Fmedia&parent=68"}],"curies":[{"name":"wp","href":"https:\/\/api.w.org\/{rel}","templated":true}]}}